et s = 9 - 6. Suppose 4*v - q = -0*q + 20, -v = -s*q - 16. Suppose -73 + 1 = -v*l + 4*k, l + 5*k = -6. What are the prime factors of l?
2, 7
Suppose -285 = -3*b - 15. Suppose -5*n = 10 - b. List the prime factors of n.
2
Let t(s) = 75*s - 4. List the prime factors of t(1).
71
Let q be (132/(-5))/(2/(-20)). Suppose 104 - q = -4*u. Suppose 0*d + u = 4*d. What are the prime factors of d?
2, 5
Let b be 0 - (-2)/(4/10). Let w = 106 + -50. Suppose -r = -3*v + 38, -b*v + w = -v - 4*r. What are the prime factors of v?
2, 3
Suppose -5*a = -20 - 5. Suppose -4*s = 4 - 0, a*d - 69 = -s. List the prime factors of d.
2, 7
Let w(n) be the third derivative of n**4/4 - n**3/3 - n**2. Let t be w(3). Let s = 22 - t. List the prime factors of s.
2, 3
Let b(u) = u**3 + 10*u**2 - 19*u + 14. List the prime factors of b(-11).
2, 3, 17
Suppose 0 = -5*g + g + 4*y + 124, 67 = 2*g + 3*y. Suppose 2*k - g = k. Suppose -8 = 2*c - k. What are the prime factors of c?
2, 3
Suppose -3*b + 7*b = 164. Let s = -28 + b. List the prime factors of s.
13
Let x be 1/((-3)/(-72)*-1). Let f = x + 38. What are the prime factors of f?
2, 7
Suppose -5*x + 8 + 2 = 0. Let i = x + 3. What are the prime factors of i?
5
Let i = 4 - 6. Let s(f) = 3*f**2 + f. List the prime factors of s(i).
2, 5
Let m = -10 + 14. Suppose -7*c = -3*q - 2*c + 52, -26 = -m*q - 2*c. List the prime factors of q.
3
Let d = 209 + -75. List the prime factors of d.
2, 67
Let a = -18 - -8. Let p = -5 - a. Let c(f) = -f**2 + 6*f + 3. What are the prime factors of c(p)?
2
Let x(n) = -n - 1. Let j(z) = 5*z - 3. Let i(a) = j(a) + 4*x(a). Let b be i(6). Let p = 6 + b. What are the prime factors of p?
5
Let f = 11 - 28. Let g = f + 30. What are the prime factors of g?
13
Let x(h) = -h + 8. Let t(o) = -3*o + 24. Let n(a) = 3*t(a) - 8*x(a). What are the prime factors of n(0)?
2
Suppose -7 - 23 = -3*z. Let l(f) = 2*f - 4. Let s be l(z). Suppose -4*p + b + s = -55, 3*p - 59 = -5*b. List the prime factors of p.
2, 3
What are the prime factors of (-2 + -24)/(2/(-1))?
13
Let n(h) be the second derivative of 5/12*h**4 + 0 - 2*h + 1/20*h**5 - 3/2*h**2 + 1/3*h**3. What are the prime factors of n(-4)?
5
Let u(l) be the first derivative of -15*l + 2 + 4*l**2 + 15*l. What are the prime factors of u(1)?
2
Suppose 2*p = 4*p + t - 39, -63 = -3*p + 3*t. Let w = 25 - p. List the prime factors of w.
5
Let w be 0*((-3)/(-6) - 1). Suppose 0 = 4*l + 4*p - 96, -5*l = -w*l - 2*p - 120. List the prime factors of l.
2, 3
Let r = -5 - -1. Let a be r/6*(3 - 6). Suppose 2*w = 5*c - 38, 10 = -c - 2*w - a*w. List the prime factors of c.
2, 3
Let t(n) = -n**3 + n**2 + 4*n - 1. Let v be t(-3). Suppose -4*s + v = -u - 50, 2*u = -3*s + 41. What are the prime factors of s?
17
Let q = 27 + -17. Suppose 4*r - 2 = q. What are the prime factors of r?
3
Suppose 4*w = 4*f - 336, w = -2*f + 22 + 131. List the prime factors of f.
79
Suppose 3*w + 2*w = -90. Let b = w + 32. List the prime factors of b.
2, 7
Suppose -7*w = -0*w - 1022. What are the prime factors of w?
2, 73
Suppose 3*v = -2*v + 160. List the prime factors of v.
2
Let h be (-5)/((-15)/6) - -10. Suppose -3*d = -0*d - h. What are the prime factors of (1 + 0)*20/d?
5
Suppose 5*a + 30 = -10. Let f = 12 + a. Suppose r = -1 + f. List the prime factors of r.
3
Suppose -20 = x - 5*x. Let s(l) = l**2 + 4*l + 2. Let z be s(-4). Suppose -30 = -z*w + x*b - 0*b, 3*b = -3*w + 3. List the prime factors of w.
5
Suppose -4*l + 65 = -3. Let r(d) = 2*d + 1. Let n be r(-5). Let z = l + n. List the prime factors of z.
2
What are the prime factors of -15 + 14 + 4/1?
3
Let f = -3 + 29. List the prime factors of (-2)/13 + 1122/f.
43
Let d(n) = n**2 + 2*n. Let f = 3 - 8. Let h be d(f). Suppose -h = -3*j - 2*j + 4*z, z = 0. List the prime factors of j.
3
Let m = 4 + -12. What are the prime factors of (18/(-12))/(3/m)?
2
Suppose 2*f + 4 = 0, -531 = -3*x - 0*x + 3*f. List the prime factors of x.
5, 7
Let l = 2 + 19. Suppose 3*z - 2*p - 64 = 0, 4*z + p + l = 5*z. Suppose 8 + z = 5*a. List the prime factors of a.
2, 3
Let m(u) = 6*u + 4. Let j = -13 - -18. What are the prime factors of m(j)?
2, 17
Suppose 0*z = 2*z + 32. Let w = -9 - z. List the prime factors of w.
7
Suppose -2*j + m = 4*m - 18, 0 = 4*j + 5*m - 32. Suppose 0 = 5*f + 4*n - 44, 5*f - 42 - 1 = -j*n. What are the prime factors of f?
2
Suppose 4*p = -u + 3*u + 1424, 5*p + 4*u - 1767 = 0. What are the prime factors of p?
5, 71
Let l = 1 + -1. Let m be (0 - 2) + 2 + l. Suppose n - 4*n + 12 = m. List the prime factors of n.
2
Suppose -5*i - 217 = -3*h, -7*h + 4*h + 4*i = -212. List the prime factors of h.
2
Let y(h) = -3*h + 8. What are the prime factors of y(-19)?
5, 13
Suppose -2*i - 6 = 12. Let v = 25 + i. List the prime factors of v.
2
Let a be 3/(36/8 - 3). List the prime factors of 34/(4 + a + -4).
17
Suppose 0 = 4*s - 3 - 9. Suppose -s*i = -i - 8. Suppose i*z - 24 = 2*z. What are the prime factors of z?
2, 3
Suppose -16 - 36 = -4*m. What are the prime factors of m - -1 - (0 - 1)?
3, 5
Suppose -2*u - 1 - 11 = 0. Let k = -4 - -12. Let r = u + k. List the prime factors of r.
2
Let j = -18 - -10. Let a = 11 + j. Suppose -a*i = 2*s + 2*i - 18, 0 = 3*s + 3*i - 18. List the prime factors of s.
2
Let y(u) = u**2 - 11*u + 8. Let x be y(9). Let w be 422/5 - (-4)/x. List the prime factors of (-4)/10 + w/10.
2
Let z(d) = -d**3 - 5*d**2 + 5*d - 8. Let m be z(-6). Let s = 1 - m. Suppose 25 = j + 4*h, 0 = 5*j - s*h + 4*h - 68. What are the prime factors of j?
13
Let b(a) = a**3 - 5*a**2 + 2*a - 8. Let o be b(8). Suppose -s - 4*s + 210 = -3*x, o = 5*s - 5*x. List the prime factors of s.
3, 5
Let z = 19 + -10. Let j = z + -7. Suppose -j*w + 14 = 2*l - 28, w - 4*l - 16 = 0. What are the prime factors of w?
2, 5
Let z(l) = -l**2 - 43*l - 85. What are the prime factors of z(-22)?
13, 29
What are the prime factors of 2148/18 - (-6)/9?
2, 3, 5
Suppose -3*m - 3 - 16 = 5*x, 0 = -4*x + 5*m + 7. List the prime factors of (-264)/(-5) + x/(-10).
53
Let j(v) = -v + 11. Let t(h) = -h + 10. Let y(l) = -5*j(l) + 6*t(l). Let o be y(0). Suppose -12 = -o*g + 3. What are the prime factors of g?
3
Let j(c) = c - 1. What are the prime factors of j(8)?
7
Suppose 40 = 2*x + 8. List the prime factors of x.
2
Let i(n) = -n + 11. Let r be i(8). Suppose r*t + 5 = -2*t. Let k = t - -6. List the prime factors of k.
5
Let f(n) = -4*n + 2. Let d(q) be the second derivative of q**3/3 - q**2/2 - q. Let m(w) = -5*d(w) - 3*f(w). What are the prime factors of m(4)?
7
Suppose -10*p = -625 + 65. List the prime factors of p.
2, 7
Suppose 2*m - 38 - 64 = -2*k, 0 = 4*k. List the prime factors of m.
3, 17
Let y = -7 + 6. Let z = 15 - y. List the prime factors of 2 + -5 + z - 1.
2, 3
Let y = 12 - 12. Suppose i - 12 - 7 = y. List the prime factors of i.
19
Suppose -12 = -8*y + 5*y. Suppose t + 2*p + 3*p + 22 = 0, -t - y = -4*p. What are the prime factors of (-232)/t + 1/(-3)?
19
Let j = -24 - -34. List the prime factors of (j/(-4))/(2/(-20)).
5
Let x(d) = -d**3 - 7*d**2 + 5. Let k be x(-7). Suppose -2*r = -0*o + 2*o - 8, -5*r = -k*o + 10. List the prime factors of o.
3
Suppose -31 = -4*y + 9. Suppose 5*q - 45 - y = 0. What are the prime factors of q?
11
Suppose -5*q = 3*f - 825, f = 4*q + q + 255. What are the prime factors of f?
2, 3, 5
Let i = 3 - -18. What are the prime factors of i?
3, 7
Let i be (-8)/(-14) - 187/(-77). Suppose 0*t - 3*t + 6 = 4*d, -6 = -i*t - d. What are the prime factors of t?
2
Let l = -18 + 22. Suppose l*g - 50 - 34 = -5*d, -d = 5*g. What are the prime factors of d?
2, 5
Let q = 0 - 0. Let g(o) = -o**2 + 2*o. Let u be g(2). Suppose u = -q*r - r + 3. List the prime factors of r.
3
Suppose 87*s - 84*s - 777 = 0. What are the prime factors of s?
7, 37
Suppose 4*n = 3*g - 20, 7*n - 3*n = -g - 4. Suppose d + 6 - 8 = 0. Suppose -f + g = -d. List the prime factors of f.
2, 3
Suppose 0*o + 18 = 3*o. List the prime factors of o.
2, 3
Let f(l) = -l**2 + 13*l - 8. Suppose -4*p = -p - 24. What are the prime factors of f(p)?
2
What are the prime factors of (74/(-4))/((-2)/16)?
2, 37
Suppose 247 + 983 = 6*j. List the prime factors of j.
5, 41
Let n(t) = -7*t**3 + 29*t**2 - 20*t - 12. Let j(i) = -4*i**3 + 15*i**2 - 10*i - 6. Let k(f) = -5*j(f) + 3*n(f). What are the prime factors of k(11)?
5
Suppose -4*u = u - y - 12,